{"id":6036,"date":"2026-09-04T18:45:58","date_gmt":"2026-09-04T18:45:58","guid":{"rendered":"https:\/\/ciadosaberlivros.com.br\/?post_type=product&#038;p=6036"},"modified":"2026-09-04T18:45:59","modified_gmt":"2026-09-04T18:45:59","slug":"ciranda-cultural-kit-livro-com-quebra-cabeca-minhas-primeiras-palavras","status":"publish","type":"product","link":"https:\/\/ciadosaberlivros.com.br\/?product=ciranda-cultural-kit-livro-com-quebra-cabeca-minhas-primeiras-palavras","title":{"rendered":"CIRANDA CULTURAL &#8211; KIT LIVRO COM QUEBRA-CABE\u00c7A &#8211; MINHAS PRIMEIRAS PALAVRAS"},"content":{"rendered":"<p>Divirta-se com as crian\u00e7as enquanto elas aprendem muitas palavras com este box, que vem com livro e quebra-cabe\u00e7a, e ajuda a desenvolver o racioc\u00ednio e a concentra\u00e7\u00e3o. Desenvolvido especialmente para a primeira inf\u00e2ncia, este kit educativo transforma o aprendizado em uma experi\u00eancia divertida e interativa. Com um livro ilustrado e um quebra-cabe\u00e7a, as crian\u00e7as ampliam o vocabul\u00e1rio de forma l\u00fadica, associando palavras e imagens enquanto exploram novos conceitos. Al\u00e9m de estimular o racioc\u00ednio l\u00f3gico e a concentra\u00e7\u00e3o, as atividades contribuem para o desenvolvimento da coordena\u00e7\u00e3o motora, da percep\u00e7\u00e3o visual e das habilidades cognitivas. Ideal para momentos de aprendizado em fam\u00edlia ou na escola, este box incentiva a curiosidade, fortalece a linguagem e torna a descoberta de novas palavras ainda mais divertida.<\/p>\n","protected":false},"excerpt":{"rendered":"<p>Divirta-se com as crian\u00e7as enquanto elas aprendem muitas palavras com este box, que vem com livro e quebra-cabe\u00e7a, e ajuda a desenvolver o racioc\u00ednio e a concentra\u00e7\u00e3o. Desenvolvido especialmente para a primeira inf\u00e2ncia, este kit educativo transforma o aprendizado em uma experi\u00eancia divertida e interativa. Com um livro ilustrado e um quebra-cabe\u00e7a, as crian\u00e7as ampliam [&hellip;]<\/p>\n","protected":false},"featured_media":6037,"comment_status":"open","ping_status":"closed","template":"","meta":[],"product_brand":[49],"product_cat":[40],"product_tag":[],"class_list":["post-6036","product","type-product","status-publish","has-post-thumbnail","product_brand-ciranda-cultural","product_cat-livros-com-quebra-cabeca","first","instock","shipping-taxable","purchasable","product-type-simple"],"_links":{"self":[{"href":"https:\/\/ciadosaberlivros.com.br\/index.php?rest_route=\/wp\/v2\/product\/6036","targetHints":{"allow":["GET"]}}],"collection":[{"href":"https:\/\/ciadosaberlivros.com.br\/index.php?rest_route=\/wp\/v2\/product"}],"about":[{"href":"https:\/\/ciadosaberlivros.com.br\/index.php?rest_route=\/wp\/v2\/types\/product"}],"replies":[{"embeddable":true,"href":"https:\/\/ciadosaberlivros.com.br\/index.php?rest_route=%2Fwp%2Fv2%2Fcomments&post=6036"}],"wp:featuredmedia":[{"embeddable":true,"href":"https:\/\/ciadosaberlivros.com.br\/index.php?rest_route=\/wp\/v2\/media\/6037"}],"wp:attachment":[{"href":"https:\/\/ciadosaberlivros.com.br\/index.php?rest_route=%2Fwp%2Fv2%2Fmedia&parent=6036"}],"wp:term":[{"taxonomy":"product_brand","embeddable":true,"href":"https:\/\/ciadosaberlivros.com.br\/index.php?rest_route=%2Fwp%2Fv2%2Fproduct_brand&post=6036"},{"taxonomy":"product_cat","embeddable":true,"href":"https:\/\/ciadosaberlivros.com.br\/index.php?rest_route=%2Fwp%2Fv2%2Fproduct_cat&post=6036"},{"taxonomy":"product_tag","embeddable":true,"href":"https:\/\/ciadosaberlivros.com.br\/index.php?rest_route=%2Fwp%2Fv2%2Fproduct_tag&post=6036"}],"curies":[{"name":"wp","href":"https:\/\/api.w.org\/{rel}","templated":true}]}}

CIRANDA CULTURAL &#8211; KIT LIVRO COM QUEBRA-CABEÇA &#8211; MINHAS PRIMEIRAS PALAVRAS

<p>Divirta-se com as crianças enquanto elas aprendem muitas palavras com este box, que vem com livro e quebra-cabeça, e ajuda a desenvolver o raciocínio e a concentração. Desenvolvido especialmente para a primeira infância, este kit educativo transforma o aprendizado em uma experiência divertida e interativa. Com um livro ilustrado e um quebra-cabeça, as crianças ampliam o vocabulário de forma lúdica, associando palavras e imagens enquanto exploram novos conceitos. Além de estimular o raciocínio lógico e a concentração, as atividades contribuem para o desenvolvimento da coordenação motora, da percepção visual e das habilidades cognitivas. Ideal para momentos de aprendizado em família ou na escola, este box incentiva a curiosidade, fortalece a linguagem e torna a descoberta de novas palavras ainda mais divertida.</p>

<p>Divirta-se com as crianças enquanto elas aprendem muitas palavras com este box, que vem com livro e quebra-cabeça, e ajuda a desenvolver o raciocínio e a concentração. Desenvolvido especialmente para a primeira infância, este kit educativo transforma o aprendizado em uma experiência divertida e interativa. Com um livro ilustrado e um quebra-cabeça, as crianças ampliam [&hellip;]</p>
